1. Let a be z(-3). Let v be 2 - (0 + 3 - a). What is the highest common divisor of v and 99?
9
Suppose -4*b = 2*m - 2274 - 310, -5*b + 4*m = -3217. What is the greatest common factor of 15 and b?
15
Let b = 662 - 258. Calculate the greatest common factor of b and 101.
101
Suppose 3*b - h = 577, -b - b = 5*h - 379. What is the greatest common factor of 12 and b?
12
Let z be (14/(-8))/((-198)/192 - -1). Calculate the greatest common divisor of 35 and z.
7
Let y be (-6)/(-14) + (-117)/(-21). Let c be -2 - 1*2/1. Let b be c/y*3*-1. What is the greatest common factor of b and 16?
2
Let n(u) = 3*u**3 - 4*u**2 - 10*u + 2. Let d be n(-4). Let i be d/(-6) + -3*(-8)/(-36). What is the greatest common factor of 5 and i?
5
Let b(t) = -19*t**2. Let k be b(1). Let o be k - -21 - 5*-5. Suppose 0 = 3*a - 2*a - 18. What is the highest common factor of o and a?
9
Let o be ((-12)/(-2))/(1*2). Suppose -o*g = -8 - 7. Suppose 4*w - g*b - 120 = 0, 5*w = -0*b + b + 129. Calculate the greatest common factor of w and 5.
5
Suppose -5*g + 5168 = 14*g. What is the greatest common divisor of 17 and g?
17
Let f be 8*1*(12 + 12204/48). What is the highest common divisor of 30 and f?
30
Let k = 12 - -4. Let t(i) = i**2 + 10*i - 16. Let q be t(-12). Suppose -q*w = -6*w - k. What is the highest common factor of 8 and w?
8
Let t be (12/(-9))/(3/72). Let y = t + 19. Let r be (-36)/(-21)*(1 - y). Calculate the highest common factor of 12 and r.
12
Let o = 19 - 10. Suppose -2*i + i = -3. Suppose -i*b + 4*b - 36 = 0. Calculate the highest common factor of o and b.
9
Let g = -389 + 399. What is the highest common factor of g and 1690?
10
Suppose -1083 = -14*o - 117. Calculate the highest common divisor of 3 and o.
3
Suppose -5*k = 22*i - 27*i - 110, 0 = 5*k - i - 110. Let d(u) = 33*u**2 + u - 1. Let g be d(1). Calculate the highest common divisor of g and k.
11
Let q(a) = -10*a + 496. Let h be q(43). Calculate the greatest common factor of 48 and h.
6
Let t(f) = -f**3 - 8*f**2 + f + 299. Let m be t(0). Calculate the highest common factor of m and 52.
13
Let y = 178 - -425. Calculate the highest common factor of 67 and y.
67
Let w = -246 - -322. What is the greatest common factor of w and 8?
4
Let a be (-12)/(-10)*(-15)/6. Let h be (-16 + 4)/((-180)/(-64) + a). Calculate the highest common divisor of h and 48.
16
Let p = -8866 + 8878. Suppose 3*y = 7*y - 144. Calculate the greatest common divisor of y and p.
12
Let h(f) = -f**2 + 7*f - 15. Let r be h(3). Let b be (-20)/r + 0 + 6/(-9). What is the greatest common divisor of b and 15?
3
Let w = -8 + 12. Suppose 0 = -w*l + l - 48. Let f = 28 + l. What is the greatest common factor of 132 and f?
12
Let i(o) = -2*o**3 - 2*o**2 - 4*o - 3. Let w be i(-2). Suppose 0 = -4*v + 11 + w. Let z be (v/9)/(4/42). Calculate the highest common divisor of z and 49.
7
Let x(f) = -f**2 - 9*f - 17. Let s be x(-3). What is the highest common divisor of s and 16?
1
Let d = -189 - -217. What is the greatest common factor of 4 and d?
4
Let h be 56/9 - 6/27. Suppose 0 = 4*s - 9*s. Suppose s = -3*o + 86 + 40. Calculate the greatest common divisor of o and h.
6
Suppose -w + 29 = -5*a, 5*w - 89*a - 10 = -91*a. Calculate the greatest common divisor of 76 and w.
4
Let l = 7 - 4. Suppose -l*y = y - 108. Let r = 27 + -9. What is the highest common divisor of r and y?
9
Let u = 820 - 478. What is the greatest common divisor of u and 36?
18
Let u(a) = -a**2 - 26*a - 44. Let o be u(-23). Calculate the highest common divisor of 15 and o.
5
Let f be 1008/(-70)*5/(-3)*4. Let m be -1 - ((-6)/(-3) + -8). Suppose 160 = -0*w + m*w. What is the greatest common divisor of w and f?
32
Let k be 52 + -14 + 0 + 0. Calculate the greatest common factor of k and 4.
2
Let u = 762 + -531. Let f = -60 + u. Calculate the highest common factor of f and 9.
9
Let t(d) = d**2 + d + 4. Let l be t(0). Suppose -2*u + 10 = -l*u. Let x(a) = a**2 - 12. Let i be x(u). Calculate the greatest common factor of i and 13.
13
Let d be (20/50)/(2/470). What is the highest common divisor of 47 and d?
47
Let u(p) = -4*p + 104. Let w be u(25). What is the highest common divisor of w and 6?
2
Suppose 4*t - 5*t + 42 = -v, -4*v = -t + 42. Calculate the greatest common factor of t and 462.
42
Let w be (-9)/(-15) + (-1337)/(-5). Suppose -w - 992 = -5*u. Let i be 45/(-6)*u/(-15). What is the greatest common factor of i and 14?
14
Let w(d) = -2*d - 8. Let k be w(-5). Suppose -k*g = -137 - 3. Suppose p - 3*p + 56 = 0. What is the highest common divisor of g and p?
14
Let f(q) = -q**3 + 5*q**2 - 2*q. Let w be f(3). Let m be (135/w)/((-4)/(-48)). What is the greatest common divisor of m and 15?
15
Let g = -147 + 165. Let j = 14 + -8. Let q be (j/5)/((-1)/(-75)). Calculate the greatest common divisor of g and q.
18
Suppose 0 = -2*p + p - 6. Let f be (-40)/6*p/4. Calculate the greatest common divisor of f and 30.
10
Let s(w) = w + 53. Let m be s(-7). Calculate the highest common factor of 115 and m.
23
Suppose 3*n = 32 + 55. Let k be ((-63)/(-36)*-58)/((-1)/2). Calculate the greatest common divisor of n and k.
29
Suppose 59620 = 20*c + 760. Calculate the highest common factor of c and 27.
27
Let a be (-62)/(-6) + 4/(-12). Calculate the highest common divisor of 620 and a.
10
Suppose 6*u + 2 = -10. Let f be (u - -3)*0 - -66. What is the greatest common factor of f and 44?
22
Let t be (-895)/(-5) + (22 - 12). Calculate the greatest common divisor of t and 27.
27
Suppose 15*u - 11*u = 12. Suppose u*n = 12, -4*n - 900 = -5*d + 124. Suppose 0*y - d = -4*y. Calculate the greatest common factor of 78 and y.
26
Let j(h) = -h**3 + 5*h**2 + 2. Let m be j(5). Suppose m*q + 0*q - 6 = 0. Suppose 7*d - 92 = q*d. What is the highest common factor of 207 and d?
23
Suppose 0 = -217*z + 211*z + 36. What is the greatest common divisor of z and 64?
2
Let l = -50 + 58. Suppose 124 = 5*d - u, 0*u - 3*u = d - 12. Calculate the greatest common divisor of l and d.
8
Let w(j) = 2*j**2 - j - 4. Let o be w(-2). Suppose -11*h = -o*h - 50. What is the greatest common divisor of h and 20?
10
Suppose 3*o - 3 = 0, -11*p - 5*o - 319 = -15*p. What is the greatest common factor of p and 162?
81
Suppose 25*l - 20*l - 170 = 0. Calculate the greatest common factor of 408 and l.
34
Suppose 68*p - 420 = 64*p. Let i(r) = 20*r**2 - r. Let m be i(-1). Calculate the highest common divisor of p and m.
21
Suppose 0 = -9*g + 14*g - 70. Let c be 4/(-54)*3 + 2219/63. Calculate the highest common divisor of c and g.
7
Let a = 87 + 3. Calculate the greatest common divisor of a and 30.
30
Suppose 2*i - 5*c + 36 - 487 = 0, 2*c - 2 = 0. Calculate the greatest common divisor of 304 and i.
76
Let a = -755 - -1123. What is the highest common factor of 32 and a?
16
Suppose 2*z - 13 = 3. Let t be (-1 - z/(-6)) + (-2151)/(-27). What is the greatest common divisor of t and 20?
20
Let a(l) be the first derivative of 4*l**3/3 + 3*l**2/2 - 3*l + 6. Let t be a(1). What is the highest common factor of t and 28?
4
Let i = 31 - -11. Let f be 1356/i - (-4)/(-14). Calculate the highest common divisor of f and 48.
16
Suppose -11 - 3 = -2*n. Suppose -n*k + 1 = -8*k. Let p = 25 + k. Calculate the highest common divisor of p and 12.
12
Let j(w) = -15*w + 28. Let y be j(17). Let l = 353 + y. What is the greatest common factor of l and 14?
14
Let f(a) = 6*a + 6. Suppose 0 = 2*p - 4*c + 3*c - 6, 2*p + 2*c - 18 = 0. Let s be f(p). Calculate the highest common divisor of s and 12.
12
Suppose -256 = -5*x + 4*j, 5*j = x - 4*x + 161. Let f = x - 33. Calculate the greatest common divisor of f and 209.
19
Let d be 40/3*(-180)/(-75). Let n = d - 11. What is the highest common factor of 84 and n?
21
Suppose -41 = -5*p + 4. Let n be (6/p)/(2/102). Let o be -1*(-4 - (-4 - -3)*-47). Calculate the highest common divisor of o and n.
17
Let i be (44/(-10) + 1)/((-23)/115). Suppose n + 3*y - 113 = 0, 4*y = 3*y - 2. What is the greatest common divisor of i and n?
17
Suppose -2*p - p + 105 = 2*o, 2*o = -4*p + 140. Let h = p + -11. What is the greatest common factor of h and 8?
8
Let i(a) = -2*a**3 - 14*a**2 - 15*a - 4. Let b be i(-9). Calculate the greatest common divisor of b and 35.
35
Suppose 7*h - 4*h - 4*l = 342, 0 = 2*h + 3*l - 211. What is the highest common divisor of h and 22?
22
Let a be 3/9 - (-114)/9